28 a factor of 392?
True
Is 169 a multiple of 3?
False
Does 104 divide 19136?
True
Is 49 a factor of 3626?
True
Does 13 divide 1685?
False
Is 3 a factor of 432?
True
Is 6094 a multiple of 16?
False
Is 2841 a multiple of 6?
False
Is 1007 a multiple of 69?
False
Does 20 divide 1255?
False
Is 25085 a multiple of 33?
False
Is 10 a factor of 130?
True
Does 74 divide 2072?
True
Does 7 divide 472?
False
Is 697 a multiple of 7?
False
Does 13 divide 3409?
False
Is 470 a multiple of 34?
False
Is 33 a factor of 463?
False
Is 6 a factor of 814?
False
Is 1474 a multiple of 44?
False
Is 1064 a multiple of 28?
True
Is 51 a factor of 23708?
False
Does 20 divide 500?
True
Is 6 a factor of 34784?
False
Is 41 a factor of 7648?
False
Does 21 divide 168?
True
Does 2 divide 1157?
False
Does 7 divide 126?
True
Is 60396 a multiple of 84?
True
Does 131 divide 856?
False
Does 29 divide 53374?
False
Is 24 a factor of 889?
False
Does 9 divide 1766?
False
Is 11 a factor of 6038?
False
Is 35620 a multiple of 102?
False
Is 18 a factor of 7207?
False
Does 20 divide 179?
False
Is 67 a multiple of 12?
False
Is 13 a factor of 4199?
True
Is 1480 a multiple of 8?
True
Is 26 a factor of 81038?
False
Is 26 a factor of 130?
True
Is 28 a factor of 2942?
False
Does 5 divide 1045?
True
Is 910 a multiple of 13?
True
Is 656 a multiple of 7?
False
Is 122 a factor of 2806?
True
Is 2 a factor of 221?
False
Is 480 a multiple of 15?
True
Is 5794 a multiple of 14?
False
Is 254 a factor of 69342?
True
Is 26027 a multiple of 29?
False
Is 26 a factor of 616?
False
Is 1120 a multiple of 80?
True
Is 11 a factor of 7191?
False
Is 113 a factor of 37511?
False
Does 75 divide 34385?
False
Is 3089 a multiple of 3?
False
Is 138 a multiple of 2?
True
Does 13 divide 78?
True
Is 203 a multiple of 8?
False
Does 7 divide 9449?
False
Is 1887 a multiple of 37?
True
Is 32 a factor of 19744?
True
Is 915 a multiple of 50?
False
Is 54472 a multiple of 11?
True
Is 32 a factor of 1009?
False
Is 1379 a multiple of 7?
True
Is 144 a factor of 16665?
False
Is 455 a multiple of 66?
False
Does 2 divide 974?
True
Does 20 divide 1500?
True
Is 11 a factor of 8297?
False
Is 136 a factor of 19992?
True
Does 7 divide 973?
True
Is 22 a factor of 6586?
False
Is 81 a factor of 1252?
False
Does 23 divide 1539?
False
Does 80 divide 2663?
False
Does 10 divide 69905?
False
Is 12 a factor of 360?
True
Does 5 divide 11246?
False
Is 31 a factor of 1849?
False
Does 21 divide 770?
False
Does 12 divide 1224?
True
Is 216 a multiple of 9?
True
Is 38584 a multiple of 52?
True
Is 17 a factor of 6715?
True
Is 5 a factor of 155?
True
Does 19 divide 11593?
False
Is 13076 a multiple of 70?
False
Does 13 divide 285?
False
Is 32 a factor of 1536?
True
Is 24 a factor of 1680?
True
Is 329 a multiple of 8?
False
Is 14 a factor of 84154?
True
Is 18 a factor of 102?
False
Is 52 a factor of 21235?
False
Does 21 divide 189?
True
Is 36 a factor of 4382?
False
Is 11 a factor of 1254?
True
Is 4284 a multiple of 42?
True
Is 25 a factor of 341?
False
Is 14 a factor of 13734?
True
Is 2060 a multiple of 32?
False
Is 18 a factor of 342?
True
Is 54 a factor of 3810?
False
Is 36 a factor of 3060?
True
Is 34 a factor of 5737?
False
Does 3 divide 3?
True
Is 18 a factor of 4950?
True
Does 21 divide 24198?
False
Is 348 a multiple of 68?
False
Is 29 a factor of 34655?
True
Is 48 a factor of 5904?
True
Is 1296 a multiple of 24?
True
Is 72 a factor of 2664?
True
Is 10 a factor of 12190?
True
Is 12 a factor of 1020?
True
Is 24 a factor of 31?
False
Is 23 a factor of 1840?
True
Is 7 a factor of 32095?
True
Does 33 divide 5643?
True
Is 6120 a multiple of 24?
True
Is 27085 a multiple of 5?
True
Does 33 divide 20480?
False
Is 13 a factor of 38337?
True
Does 21 divide 14910?
True
Does 30 divide 611?
False
Is 6840 a multiple of 8?
True
Is 28 a factor of 84?
True
Does 28 divide 21421?
False
Does 54 divide 97216?
False
Is 11772 a multiple of 18?
True
Is 17 a factor of 4808?
False
Is 96 a factor of 40320?
True
Is 18 a multiple of 6?
True
Is 4 a factor of 100?
True
Is 219 a factor of 20895?
False
Is 39046 a multiple of 7?
True
Is 1508 a multiple of 5?
False
Is 16 a factor of 38432?
True
Is 11650 a multiple of 53?
False
Is 1395 a multiple of 15?
True
Is 37 a factor of 1443?
True
Is 60 a factor of 943?
False
Is 22 a factor of 15290?
True
Is 10206 a multiple of 14?
True
Is 1603 a multiple of 7?
True
Does 137 divide 20139?
True
Is 1361 a multiple of 30?
False
Is 3213 a multiple of 27?
True
Is 5 a factor of 58?
False
Is 790 a multiple of 41?
False
Does 50 divide 5950?
True
Is 9 a factor of 540?
True
Is 1311 a multiple of 39?
False
Is 825 a multiple of 5?
True
Is 5832 a multiple of 18?
True
Is 17 a factor of 1664?
False
Does 40 divide 3924?
False
Does 7 divide 142?
False
Does 63 divide 6300?
True
Is 891 a multiple of 9?
True
Is 13 a factor of 12870?
True
Is 59 a factor of 649?
True
Does 104 divide 41074?
False
Does 17 divide 33279?
False
Does 14 divide 252?
True
Is 910 a multiple of 65?
True
Is 48 a factor of 4512?
True
Does 19 divide 1197?
True
Is 171 a factor of 32148?
True
Is 107 a factor of 4173?
True
Is 82808 a multiple of 182?
False
Does 123 divide 27183?
True
Is 260 a multiple of 10?
True
Does 104 divide 6955?
False
Is 4064 even?
True
Does 49 divide 9898?
True
Is 20 a factor of 1513?
False
Is 65 a factor of 2730?
True
Does 424 divide 75896?
True
Does 34 divide 42942?
True
Is 21 a factor of 29778?
True
Does 53 divide 334?
False
Is 565 a multiple of 32?
False
Is 957 a multiple of 32?
False
Is 41 a factor of 1312?
True
Does 19 divide 342?
True
Is 23232 a multiple of 64?
True
Is 501 a multiple of 17?
False
Is 300 a multiple of 15?
True
Is 7 a factor of 456?
False
Is 4044 a multiple of 13?
False
Is 22 a factor of 2342?
False
Is 16763 a multiple of 9?
False
Does 27 divide 513?
True
Does 16 divide 1920?
True
Is 26 a factor of 572?
True
Is 19 a factor of 3686?
True
Is 3798 a multiple of 14?
False
Is 74 a factor of 2789?
False
Is 220 a multiple of 6?
False
Does 11 divide 1221?
True
Does 147 divide 2855?
False
Does 2 divide 8?
True
Is 1275 a multiple of 25?
True
Is 42 a factor of 17346?
True
Is 95 a multiple of 5?
True
Is 61 a factor of 73?
False
Is 1220 a multiple of 10?
True
Is 113 a factor of 30850?
False
Is 924 a multiple of 42?
True
Is 7 a factor of 16824?
False
Is 43 a factor of 9491?
False
Is 385 a multiple of 35?
True
Is 630 a multiple of 35?
True
Is 12 a factor of 8748?
True
Does 4 divide 1252?
True
Is 44 a factor of 940?
False
Is 31 a factor of 13237?
True
Is 208 a multiple of 52?
True
Is 13 a factor of 7351?
False
Is 1841 a multiple of 90?
False
Does 55 divide 77715?
True
Is 6 a factor of 78201?
False
Does 6 divide 144?
True
Is 6957 a multiple of 15?
False
Is 1596 a multiple of 49?
False
Is 670 a multiple of 5?
True
Is 6 a factor of 858?
True
Is 33176 a multiple of 22?
True
Is 175 a factor of 5895?
False
Is 3015 a multiple of 78?
False
Is 469 a multiple of 62?
False
Is 17460 a multiple of 292?
False
Is 46 a factor of 991?
False
Is 3462 even?
True
Does 25 divide 564?
False
Does 18 divide 27149?
False
Is 91 a factor of 182?
True
Is 1332 a multiple of 9?
True
Is 4928 a multiple of 88?
True
Is 224 a factor of 686?
False
Is 16 a factor of 2393?
False
Is 1878 a multiple of 39?
False
Is 42 a factor of 1806?
True
Does 10 divide 2620?
True
Is 116130 a multiple of 49?
True
Is 38 a factor of 5577?
False
Does 63 divide 1987?
False
Is 21 a factor of 4561?
False
Is 1980 a multiple of 55?
True
Is 199 a multiple of 30?
False
Is 9 a factor of 1129?
False
Does 71 divide 14617?
False
Is 18 a factor of 48924?
True
Is 607 a multiple of 67?
False
Does 86 divide 872?
False
Is 145 even?
False
Is 2008 a multiple of 4?
True
Is 17 a factor of 3989?
False
Is 5929 a multiple of 20?
False
Is 2 a factor of 1422?
True
Is 1915 a multiple of 4?
False
Does 79 divide 35866?
True
Is 1186 a multiple of 8?
False
Is 38335 a multiple of 56?
False
Does 46 divide 17710?
True
Is 26 a factor of 17160?
True
Is 21793 a multiple of 270?
False
Is 6 a factor of 504?
True
Is 6492 a multiple of 5?
False
Is 3999 a multiple of 23?
False
Does 14 divide 532?
True
Does 28 divide 25228?
True
Is 3822 a multiple of 14?
True
Is 710 a multiple of 33?
False
Is 46 a factor of 50554?
True
Does 80 divide 4234?
False
Is 25 a factor of 59025?
Tr